e the remainder when 271 is divided by 60.
31
What is the remainder when 682 is divided by 57?
55
Calculate the remainder when 215 is divided by 31.
29
Calculate the remainder when 73 is divided by 25.
23
Calculate the remainder when 326 is divided by 21.
11
What is the remainder when 14579 is divided by 30?
29
What is the remainder when 276 is divided by 137?
2
What is the remainder when 261 is divided by 56?
37
Calculate the remainder when 834 is divided by 76.
74
What is the remainder when 11099 is divided by 20?
19
What is the remainder when 108 is divided by 91?
17
What is the remainder when 369 is divided by 52?
5
Calculate the remainder when 678 is divided by 145.
98
What is the remainder when 369 is divided by 187?
182
What is the remainder when 300 is divided by 99?
3
What is the remainder when 523 is divided by 188?
147
Calculate the remainder when 816 is divided by 377.
62
Calculate the remainder when 1292 is divided by 108.
104
Calculate the remainder when 2018 is divided by 202.
200
Calculate the remainder when 4971 is divided by 226.
225
Calculate the remainder when 1580 is divided by 59.
46
What is the remainder when 263 is divided by 66?
65
Calculate the remainder when 814 is divided by 24.
22
What is the remainder when 15782 is divided by 18?
14
What is the remainder when 1176 is divided by 69?
3
What is the remainder when 1194 is divided by 140?
74
What is the remainder when 71 is divided by 24?
23
What is the remainder when 321 is divided by 217?
104
What is the remainder when 52 is divided by 31?
21
Calculate the remainder when 340 is divided by 31.
30
Calculate the remainder when 216 is divided by 23.
9
What is the remainder when 29 is divided by 7?
1
Calculate the remainder when 75 is divided by 13.
10
Calculate the remainder when 487 is divided by 10.
7
Calculate the remainder when 1293 is divided by 86.
3
Calculate the remainder when 2207 is divided by 1077.
53
What is the remainder when 482 is divided by 81?
77
What is the remainder when 26599 is divided by 37?
33
Calculate the remainder when 291 is divided by 33.
27
Calculate the remainder when 238 is divided by 81.
76
What is the remainder when 202 is divided by 29?
28
What is the remainder when 406 is divided by 20?
6
Calculate the remainder when 1527 is divided by 41.
10
Calculate the remainder when 4341 is divided by 79.
75
Calculate the remainder when 264 is divided by 7.
5
Calculate the remainder when 1455 is divided by 3.
0
Calculate the remainder when 525 is divided by 50.
25
Calculate the remainder when 436 is divided by 37.
29
What is the remainder when 251 is divided by 64?
59
What is the remainder when 873 is divided by 99?
81
What is the remainder when 995 is divided by 4?
3
What is the remainder when 192 is divided by 59?
15
What is the remainder when 2985 is divided by 26?
21
Calculate the remainder when 5539 is divided by 84.
79
Calculate the remainder when 6448 is divided by 75.
73
What is the remainder when 1954 is divided by 399?
358
What is the remainder when 217 is divided by 22?
19
What is the remainder when 97 is divided by 49?
48
What is the remainder when 1339 is divided by 67?
66
Calculate the remainder when 1837 is divided by 115.
112
Calculate the remainder when 270 is divided by 34.
32
What is the remainder when 610 is divided by 51?
49
Calculate the remainder when 1934 is divided by 65.
49
What is the remainder when 98 is divided by 6?
2
What is the remainder when 1698 is divided by 25?
23
What is the remainder when 58 is divided by 23?
12
Calculate the remainder when 2598 is divided by 101.
73
Calculate the remainder when 88 is divided by 3.
1
Calculate the remainder when 506 is divided by 86.
76
Calculate the remainder when 283 is divided by 57.
55
What is the remainder when 269 is divided by 143?
126
What is the remainder when 68 is divided by 19?
11
Calculate the remainder when 214 is divided by 9.
7
Calculate the remainder when 90 is divided by 19.
14
What is the remainder when 33 is divided by 31?
2
Calculate the remainder when 37 is divided by 10.
7
Calculate the remainder when 8813 is divided by 16.
13
Calculate the remainder when 297 is divided by 150.
147
Calculate the remainder when 655 is divided by 9.
7
What is the remainder when 317 is divided by 103?
8
What is the remainder when 922 is divided by 84?
82
Calculate the remainder when 13242 is divided by 53.
45
What is the remainder when 3148 is divided by 63?
61
What is the remainder when 658 is divided by 26?
8
Calculate the remainder when 942 is divided by 63.
60
Calculate the remainder when 1154 is divided by 89.
86
Calculate the remainder when 304 is divided by 77.
73
What is the remainder when 154 is divided by 20?
14
What is the remainder when 647 is divided by 62?
27
Calculate the remainder when 737 is divided by 33.
11
What is the remainder when 5732 is divided by 55?
12
Calculate the remainder when 1310 is divided by 163.
6
What is the remainder when 697 is divided by 64?
57
What is the remainder when 293 is divided by 3?
2
Calculate the remainder when 5394 is divided by 12.
6
What is the remainder when 338 is divided by 92?
62
What is the remainder when 3188 is divided by 7?
3
What is the remainder when 693 is divided by 234?
225
What is the remainder when 248 is divided by 80?
8
What is the remainder when 306 is divided by 32?
18
What is the remainder when 732 is divided by 359?
14
Calculate the remainder when 2720 is divided by 25.
20
Calculate the remainder when 184 is divided by 39.
28
Calculate the remainder when 1628 is divided by 7.
4
What is the remainder when 424 is divided by 33?
28
What is the remainder when 27377 is divided by 169?
168
Calculate the remainder when 487 is divided by 14.
11
Calculate the remainder when 205 is divided by 76.
53
What is the remainder when 30 is divided by 24?
6
What is the remainder when 18 is divided by 18?
0
Calculate the remainder when 869 is divided by 43.
9
What is the remainder when 6280 is divided by 2090?
10
Calculate the remainder when 1932 is divided by 160.
12
What is the remainder when 3841 is divided by 321?
310
Calculate the remainder when 261 is divided by 51.
6
What is the remainder when 15427 is divided by 3084?
7
What is the remainder when 355 is divided by 10?
5
Calculate the remainder when 487 is divided by 82.
77
What is the remainder when 533 is divided by 77?
71
What is the remainder when 55 is divided by 8?
7
What is the remainder when 498 is divided by 25?
23
Calculate the remainder when 9719 is divided by 72.
71
Calculate the remainder when 1365 is divided by 72.
69
What is the remainder when 95 is divided by 41?
13
What is the remainder when 8415 is divided by 23?
20
Calculate the remainder when 153 is divided by 41.
30
What is the remainder when 9854 is divided by 56?
54
What is the remainder when 13 is divided by 11?
2
What is the remainder when 147 is divided by 75?
72
What is the remainder when 73 is divided by 32?
9
What is the remainder when 277 is divided by 93?
91
What is the remainder when 15 is divided by 3?
0
Calculate the remainder when 135 is divided by 41.
12
What is the remainder when 237 is divided by 51?
33
Calculate the remainder when 2407 is divided by 86.
85
What is the remainder when 1935 is divided by 13?
11
What is the remainder when 776 is divided by 254?
14
Calculate the remainder when 28739 is divided by 60.
59
Calculate the remainder when 622 is divided by 284.
54
Calculate the remainder when 66 is divided by 23.
20
Calculate the remainder when 7 is divided by 5.
2
What is the remainder when 591 is divided by 88?
63
What is the remainder when 568 is divided by 70?
8
What is the remainder when 119 is divided by 36?
11
Calculate the remainder when 20 is divided by 11.
9
What is the remainder when 397 is divided by 6?
1
Calculate the remainder when 689 is divided by 168.
17
What is the remainder when 358 is divided by 45?
43
Calculate the remainder when 250 is divided by 75.
25
What is the remainder when 795 is divided by 42?
39
What is the remainder when 116 is divided by 10?
6
Calculate the remainder when 59 is divided by 24.
11
What is the remainder when 131 is divided by 29?
15
Calculate the remainder when 84551 is divided by 13.
12
Calculate the remainder when 49 i